e (1 - 116)*(-7 + (-408)/(-60)). Calculate the greatest common factor of y and 621.
23
Let k be (10 - 11)*10/(-2). Suppose 0 = -k*u + 62 - 57. What is the greatest common divisor of u and 2?
1
Suppose 3*b = 3, 2*b - 5*b = -2*o + 185. Calculate the greatest common factor of 1504 and o.
94
Let u be 116/87*1377/4. Calculate the greatest common divisor of u and 27.
27
Let i = -1141 - -1165. Calculate the greatest common factor of 224 and i.
8
Let k = -1770 - -2520. What is the greatest common divisor of k and 75?
75
Let t = -87 + 97. Let l(c) = -c**3 + 6*c**2 - 2*c - 5. Let m be l(5). What is the greatest common factor of m and t?
10
Suppose 2*c + 3*h = 215, -2*h = 3 + 3. Suppose 2*a + 8 = -4*i + 80, -2*a = 3*i - 68. Calculate the greatest common factor of c and a.
28
Let g(l) = -10*l + 225. Let h be g(18). What is the greatest common factor of h and 585?
45
Let t(n) = -n**3 - 6*n**2 - 6*n - 5. Let v be t(-5). Suppose r + v = -18. Let g = r + 33. Calculate the greatest common factor of g and 120.
15
Let g be (27/6)/(15/(-16) + 1). Suppose 2*l + 2*q + 11 = 45, -3*q + 75 = 5*l. What is the greatest common factor of l and g?
12
Suppose -2*o + 2*f + 150 = -2*f, -f = -5. Let c(m) = 77*m + 7166. Let z be c(-93). What is the highest common divisor of o and z?
5
Suppose 5*c = 9 + 1. Suppose 3*y = -3*o, c*y + 3*o - 10 = 6*o. Let x be (y - 4/5)*10. Calculate the highest common factor of x and 4.
4
Let y(u) = u**3 + 20*u**2 + u + 14. Let v be y(-20). Let a(m) = m**3 + 6*m**2 - 2*m + 14. Let t be a(v). Calculate the highest common factor of t and 65.
13
Let c be (2/(-3))/(2 - (-86)/(-42)). Suppose -u + c = 2*r - 11, -14 = -r - u. What is the greatest common factor of r and 44?
11
Let f = 1695 - 1673. Let m(u) = 43*u - 7. Let g(q) = 43*q - 6. Let i(z) = -5*g(z) + 4*m(z). Let r be i(-2). Calculate the greatest common divisor of f and r.
22
Let k(n) = 29*n**2 - 13*n + 13. Let o be k(1). What is the highest common divisor of 464 and o?
29
Let l = 350 - 349. Let x be (-3)/(0 + -3)*2. Suppose -3*p + 3 = 0, 0 = o - 2*o + 3*p + x. Calculate the highest common divisor of l and o.
1
Suppose 2*h - 3*h + 5*n = -656, 3*n + 6 = 0. What is the greatest common factor of 38 and h?
38
Let w be 1*-3*(-12)/(-9). Let g = w + 9. Suppose 0 = 2*t - 5*t - g*h - 16, -4 = 2*t + 2*h. What is the highest common divisor of t and 3?
3
Suppose i = -35*b + 30*b + 630, -5*b = -2*i + 1260. Calculate the highest common factor of i and 18.
18
Let r(x) = x**2 + 5*x - 4. Let a be r(-8). Calculate the highest common divisor of a and 300.
20
Suppose 510 = 18*s + 42. What is the highest common divisor of s and 832?
26
Suppose -6*u + 137 = -241. Let d = 22 - 15. What is the highest common divisor of d and u?
7
Let h(i) = -i**3 + 26*i**2 + 29*i - 4. Let m be h(27). What is the highest common divisor of 350 and m?
50
Suppose 0 = -4*n + 3*i + 31 - 0, 2*n - 12 = -2*i. Let h(m) = m - 5. Let x be h(n). Let q = 87 - 71. What is the greatest common divisor of x and q?
2
Let n be 2 - (-16 + -3 + 1). Let y = 31 - n. What is the greatest common divisor of y and 44?
11
Suppose 3*t - 3*w = 82 + 86, -w + 4 = 0. What is the greatest common factor of t and 36?
12
Let v(w) = 16*w + 1. Let x be v(1). Let g = -8 + x. Let l(t) = 64*t - 1. Let y be l(1). What is the greatest common factor of y and g?
9
Suppose -70 = -6*v + v. Suppose -2*o + 10 = -v. What is the highest common divisor of 4 and o?
4
Suppose -720 = -351*u + 333*u. Calculate the greatest common factor of u and 88.
8
Suppose m + 2*t = 23, 3*m - 75 - 10 = 2*t. Suppose 0 = -5*g + 5*v + 160, -2*v + m = 4*g - 83. Calculate the highest common factor of g and 232.
29
Let z = -52 + 25. Let l be (-33)/55*(z + 2). Calculate the highest common factor of 5 and l.
5
Let h be (-2)/11 + (-2)/(-11). Suppose s - 70 + 4 = h. Let d(k) = k**3 + 24*k**2 + 42*k. Let n be d(-22). What is the highest common factor of n and s?
22
Suppose 4*i + 1 + 3 = -4*c, 4*c + 8 = -3*i. Let f = 354 - 330. Suppose 3*t - i*t = -f. Calculate the highest common factor of t and 60.
12
Let d = 11 + -6. Let r be -1*d/(25/(-15)). Suppose 16 + 1 = 5*l + a, -5*l = r*a - 21. What is the greatest common divisor of l and 33?
3
Let m be (-12466)/(-62) - 8/124. What is the greatest common factor of m and 67?
67
Let r be (-765)/60*16/(-6). Suppose -5*p + r = -2*j, j + 13 = 2*p - 1. Calculate the highest common divisor of p and 66.
6
Let t = 339 + -297. What is the greatest common factor of t and 6?
6
Let y(f) = f**3 - 6*f**2 - 7*f + 12. Let g be y(8). What is the highest common factor of g and 12?
12
Suppose 0 = k + 2*n - 337, 3*k + 240*n - 1032 = 241*n. Calculate the greatest common factor of 294 and k.
49
Suppose -4*f = -3*f - 3. Suppose 48 = -6*t + f*t. Let k = 33 + t. What is the greatest common factor of 17 and k?
17
Let g be 655 - 6/(24/(-4)). What is the greatest common factor of 41 and g?
41
Suppose 36 = -5*j + 21. Let g be (j/(-6))/(2/76). What is the greatest common factor of g and 209?
19
Let f be (-2)/3 + (-455)/(-21). Calculate the greatest common factor of 217 and f.
7
Suppose 4*n = -3*o + 185, -3*n - o = 2*n - 223. What is the highest common divisor of n and 12?
4
Let a be 1/(537/267 + -2). Suppose a = 7*w - 2. Calculate the highest common divisor of w and 52.
13
Suppose -5*q = 16 - 41. Suppose -q*v = -v - 4*i - 24, -5*i = -2*v + 24. Suppose -3*w + 0*w + 66 = 0. Calculate the greatest common factor of v and w.
2
Suppose 9*z - 320 = 4*z. Suppose 5*y + 72 = 292. Let i = y - 28. What is the greatest common divisor of i and z?
16
Let j(t) = t**2 + t - 2. Let x be j(5). Let m(s) = s**2 - 2. Let u be m(0). Let z be 139 - (-3)/(-6)*u. Calculate the greatest common factor of x and z.
28
Let z(c) = 32*c**2 + 3*c - 1. Let f(k) = -k**2 - 10*k - 7. Let a be f(-9). Let n be z(a). Let v = 33 + -14. Calculate the highest common divisor of v and n.
19
Suppose -4*x = -12 - 152. Calculate the greatest common factor of 451 and x.
41
Suppose -8 = -d - 3*d. Let y be d + -3 + 2 - -3. Suppose 0*k - 2*i + 80 = 2*k, 5*k + y*i = 199. What is the greatest common divisor of k and 13?
13
Suppose 2*l = 5*l - 1770. Suppose z - 3*z = -5*j - l, 3*z - j - 859 = 0. What is the highest common factor of z and 57?
57
Let r(n) = 6*n**2 - 6*n + 6. Let q be r(5). Let v(c) = -2*c**2 + 5*c + 6. Let g be v(-4). Let h = 64 + g. Calculate the greatest common divisor of q and h.
18
Suppose 0 = -3*h + 15, -h + 3 = a - 3*a. Let q = 393 - 392. Calculate the greatest common divisor of q and a.
1
Let h = -202 - -373. Calculate the highest common factor of h and 76.
19
Let o = -38 - -41. Suppose -3*p - p - 8 = 0. Let d be (-30)/(p + o/3). What is the highest common factor of d and 45?
15
Let w be ((-49)/2)/(78/(-156)). Let c(l) = -10*l**3 - l**2 - l + 1. Let m be c(-2). Let n = m - w. What is the greatest common divisor of n and 12?
6
Let g(p) = 9*p + 125. Let t be g(-10). Calculate the greatest common divisor of 2 and t.
1
Let g = 197 + -371. Let o = -76 - g. Suppose -3*j + 2*v + 57 = -3*v, -3*j - 4*v + 30 = 0. What is the highest common factor of o and j?
14
Let d be 100/12*90/50. Calculate the highest common divisor of d and 120.
15
Let x = -10 + 6. Let z be x/(-14) - (-15)/21. Suppose 6*d = 7*d + 3*p + 10, -p = -4*d + 12. What is the highest common factor of z and d?
1
Let g(s) = s**2 + 1. Let c be g(5). Let m be 10/4*(-8 - (-176)/20). What is the highest common divisor of c and m?
2
Let o = -141 + 155. Suppose -5*h + 168 = -3*h. What is the greatest common divisor of h and o?
14
Let u(x) = 25*x - 139. Let s be u(27). Calculate the highest common factor of s and 67.
67
Let g be ((14245/(-5))/(-7))/1. Calculate the greatest common divisor of 11 and g.
11
Let s be -5 - (-43 - (9 - 7)). Calculate the greatest common divisor of s and 30.
10
Let g = 107 - 121. Let x = g + 113. Calculate the highest common divisor of 11 and x.
11
Let v(a) = a**2 - a - 8. Let o be v(4). Suppose -i - o*i = -70. What is the highest common factor of i and 154?
14
Let b(u) = u**3 + 6*u**2 - 2*u - 2. Let w = 1 - 6. Let l be b(w). Let r be ((-33)/6)/(1/(-4)). What is the highest common divisor of l and r?
11
Let a(p) = 6*p + 19. Let v be a(-8). Let g = 57 + v. Let m(h) = -19*h - 1. Let y be m(-3). Calculate the greatest common divisor of y and g.
28
Let k = 248 + -221. W